es 50 divide 54450?
True
Does 18 divide 16764?
False
Is 10282510 a multiple of 281?
False
Does 14 divide 14141946?
True
Is 14 a factor of 31065557?
False
Is 11424 a multiple of 34?
True
Is 3 a factor of 1464675?
True
Is 149 a factor of 1085018?
True
Does 16 divide 669903?
False
Does 735 divide 43870?
False
Is 3 a factor of 33175?
False
Does 9 divide 3016620?
True
Is 2161016 a multiple of 253?
False
Is 96240 a multiple of 12?
True
Is 37 a factor of 469120?
False
Is 19 a factor of 11078?
False
Does 233 divide 750037?
False
Is 1427376 a multiple of 45?
False
Is 228847 a multiple of 208?
False
Does 9 divide 56106?
True
Is 1074316 a multiple of 83?
False
Does 378 divide 215082?
True
Is 1672656 a multiple of 12?
True
Is 37 a factor of 1165475?
False
Does 315 divide 3505950?
True
Is 1321180 a multiple of 28?
True
Does 9 divide 28593?
True
Does 26 divide 5063457?
False
Is 856656 a multiple of 81?
True
Is 2122821 a multiple of 9?
True
Is 250 a factor of 183233?
False
Is 77100 a multiple of 30?
True
Is 1273 a factor of 7611267?
True
Is 102 a factor of 119762?
False
Does 52 divide 154960?
True
Is 102 a factor of 744069?
False
Does 23 divide 1287149?
True
Is 170 a factor of 135320?
True
Is 66 a factor of 558756?
True
Does 120 divide 91680?
True
Does 254 divide 1293368?
True
Is 25 a factor of 794416?
False
Is 8481600 a multiple of 465?
True
Is 1397840 a multiple of 16?
True
Does 10 divide 1920100?
True
Is 376852 a multiple of 301?
True
Is 1032 a factor of 1174868?
False
Is 8 a factor of 123152?
True
Does 181 divide 387116?
False
Is 1210839 a multiple of 10?
False
Does 388 divide 140456?
True
Does 9 divide 527022?
True
Is 1069194 a multiple of 14?
True
Is 8 a factor of 2204608?
True
Is 40491 a multiple of 33?
True
Does 327 divide 3141407?
False
Does 824 divide 520898?
False
Is 1270 a factor of 1327150?
True
Is 180 a factor of 684021?
False
Is 85 a factor of 2477580?
True
Is 30 a factor of 832499?
False
Is 227 a factor of 347764?
True
Does 7 divide 15498?
True
Is 24 a factor of 459910?
False
Is 174 a factor of 4415946?
True
Is 348 a factor of 12096132?
True
Does 6 divide 36023?
False
Is 12 a factor of 50120?
False
Does 384 divide 17071872?
True
Does 533 divide 288353?
True
Is 340488 a multiple of 36?
True
Does 23 divide 6812094?
True
Is 35532 a multiple of 25?
False
Does 54 divide 27400?
False
Is 3793773 a multiple of 438?
False
Is 5947920 a multiple of 120?
True
Is 350469 a multiple of 4?
False
Is 50221 a multiple of 243?
False
Is 356562 a multiple of 81?
True
Is 66779 a multiple of 8?
False
Is 2 a factor of 8187?
False
Is 196 a factor of 150127?
False
Is 286 a factor of 3043583?
False
Does 11 divide 1937859?
True
Is 201 a factor of 5833?
False
Is 3 a factor of 11618?
False
Is 978147 a multiple of 277?
False
Does 16 divide 188201?
False
Is 93240 a multiple of 222?
True
Is 38844 a multiple of 249?
True
Is 98134 a multiple of 139?
True
Is 145 a factor of 1056760?
True
Is 6509890 a multiple of 386?
True
Is 14 a factor of 84154?
True
Does 474 divide 1728204?
True
Is 17 a factor of 1486740?
False
Does 582 divide 12174369?
False
Is 959 a factor of 1007909?
True
Is 21 a factor of 117839?
False
Is 675 a factor of 276075?
True
Is 7 a factor of 32116?
True
Is 20 a factor of 3137034?
False
Is 34 a factor of 544578?
True
Is 8 a factor of 6819159?
False
Does 14 divide 819094?
False
Is 813 a factor of 810561?
True
Is 1130216 a multiple of 1028?
False
Does 22 divide 17938?
False
Is 5880322 a multiple of 469?
True
Is 64743 a multiple of 170?
False
Does 12 divide 7242857?
False
Does 31 divide 986560?
False
Is 164609 a multiple of 56?
False
Is 15 a factor of 582210?
True
Does 41 divide 29771814?
False
Is 14803554 a multiple of 93?
True
Is 279 a factor of 1130508?
True
Is 68 a factor of 18167?
False
Is 1694890 a multiple of 1173?
False
Is 11046580 a multiple of 20?
True
Does 1145 divide 4605190?
True
Is 85 a factor of 829086?
False
Is 6509760 a multiple of 24?
True
Does 27 divide 4847647?
False
Does 242 divide 2076260?
False
Is 1981462 a multiple of 7?
True
Does 96 divide 14855?
False
Is 23 a factor of 334158?
False
Does 23 divide 874?
True
Does 64 divide 104320?
True
Is 17 a factor of 69224?
True
Is 227 a factor of 3199397?
False
Is 1211917 a multiple of 181?
False
Is 1963072 a multiple of 829?
True
Is 119178 a multiple of 3?
True
Is 6859680 a multiple of 744?
True
Is 10 a factor of 657550?
True
Does 26 divide 46383?
False
Is 22 a factor of 684397?
False
Is 117614 a multiple of 2?
True
Is 781568 a multiple of 568?
True
Does 54 divide 1472019?
False
Is 677 a factor of 901764?
True
Is 270969 a multiple of 461?
False
Is 30836 a multiple of 4?
True
Is 194493 a multiple of 13?
True
Does 1091 divide 984082?
True
Does 11 divide 236016?
True
Does 292 divide 2220023?
False
Does 2 divide 537503?
False
Is 9 a factor of 1008225?
True
Is 467148 a multiple of 6?
True
Is 80 a factor of 176240?
True
Is 493 a factor of 209525?
True
Is 8365224 a multiple of 357?
True
Is 33 a factor of 528944?
False
Does 49 divide 959567?
True
Is 38 a factor of 1281989?
False
Is 439 a factor of 435076?
False
Does 27 divide 28113492?
False
Is 5 a factor of 404357?
False
Does 640 divide 2596480?
True
Is 9695008 a multiple of 32?
True
Is 397 a factor of 3479089?
False
Does 122 divide 3562658?
False
Is 4500160 a multiple of 392?
True
Is 875324 a multiple of 59?
True
Is 2035365 a multiple of 27?
False
Is 105345 a multiple of 75?
False
Does 485 divide 84277?
False
Does 4 divide 1795456?
True
Does 644 divide 11966164?
True
Is 19 a factor of 22044389?
True
Does 33 divide 587318?
False
Is 9188000 a multiple of 8?
True
Is 591 a factor of 364056?
True
Is 1355503 a multiple of 37?
False
Is 62 a factor of 81592?
True
Does 92 divide 2255151?
False
Is 32 a factor of 11584?
True
Is 33752277 a multiple of 73?
False
Is 13740 a multiple of 20?
True
Is 607 a factor of 403048?
True
Does 10 divide 380390?
True
Is 54 a factor of 175014?
True
Is 113 a factor of 12238691?
True
Is 5545486 a multiple of 37?
True
Is 1490879 a multiple of 803?
False
Is 244556 a multiple of 13?
True
Does 18 divide 6136610?
False
Is 219402 a multiple of 18?
True
Is 134 a factor of 482668?
True
Is 1450067 a multiple of 37?
True
Is 24140 a multiple of 4?
True
Is 59725 a multiple of 5?
True
Is 10762 a multiple of 3?
False
Is 625413 a multiple of 12?
False
Is 3600000 a multiple of 180?
True
Is 3771000 a multiple of 450?
True
Is 22 a factor of 13603?
False
Is 28 a factor of 12376?
True
Is 103329 a multiple of 199?
False
Is 16 a factor of 4915136?
True
Is 205 a factor of 5904000?
True
Is 102 a factor of 83052?
False
Is 194202 a multiple of 164?
False
Does 290 divide 593805?
False
Does 65 divide 48490?
True
Is 17 a factor of 924630?
True
Does 5 divide 99715?
True
Is 297123 a multiple of 19?
False
Is 281415 a multiple of 15?
True
Is 478 a factor of 326137?
False
Is 92293 a multiple of 7?
False
Does 31 divide 111569?
True
Is 2 a factor of 209695?
False
Does 7 divide 16184?
True
Is 6216318 a multiple of 95?
False
Does 44 divide 1436336?
True
Is 198 a factor of 2612122?
False
Is 317 a factor of 6763768?
False
Is 328209 a multiple of 5?
False
Is 319886 a multiple of 7?
True
Is 77172 a multiple of 59?
True
Does 42 divide 168672?
True
Is 21121 a multiple of 4?
False
Is 3 a factor of 51654?
True
Does 118 divide 159300?
True
Does 84 divide 5626656?
True
Does 3 divide 2010?
True
Does 5 divide 124370?
True
Does 28 divide 186101?
False
Is 1144329 a multiple of 2?
False
Does 630 divide 2935603?
False
Is 2655256 a multiple of 11?
False
Does 32 divide 454176?
True
Does 67 divide 1051286?
False
Is 1198834 a multiple of 2?
True
Is 108 a factor of 1005804?
True
Does 26 divide 1195064?
True
Does 143 divide 95667?
True
Does 782 divide 231218?
False
Is 13988506 a multiple of 1148?
False
Is 26 a factor of 55815?
False
Is 54 a factor of 3784899?
False
Is 18 a factor of 119538?
True
Is 126 a factor of 427770?
True
Does 542 divide 338136?
False
Is 72 a factor of 1973304?
True
Is 2432048 a multiple of 8?
True
Is 460143 a multiple of 115?
False
Is 444 a factor of 10057932?
True
Is 11425688 a multiple of 8?
True
Does 331 divide 9265992?
False
Is 3346282 a multiple of 79?
True
Does 8 divide 214376?
True
Does 20 divide 438834?
False
Does 167 divide 208699?
False
Is 383 a factor of 1886250